2*t. Suppose 0*b + 3*b + 2*z = -2, -3*b = 5*z + t. Suppose -y = -4*g + 48, b = -4*g - 3*y - y + 28. List the prime factors of g.
11
Let j be (-10)/25 + 22/5. Suppose p + 2 = j. What are the prime factors of p*1*20/8?
5
Suppose 2*f = -2*g + 96, f + 4*g - 12 = 24. What are the prime factors of f?
2, 13
List the prime factors of (-32)/(-2) - (5 - 3).
2, 7
Let l(w) = 1. Let h(z) = 11*z - 1. Suppose 0 = -3*b + 4 + 2. Let i(k) = b*l(k) + h(k). What are the prime factors of i(1)?
2, 3
Let c = -30 - -50. Let f(n) = 42*n - 4. Let s be f(2). Suppose c = -5*t + s. List the prime factors of t.
2, 3
Suppose -3*g - 2*u = -u + 4, 0 = 3*g - 2*u - 8. Suppose 4*w + 0*w - 28 = g. What are the prime factors of w?
7
Let o(v) = 0 + 0 + 1 - 4*v + 11*v. Suppose -4*q = 2 - 10. List the prime factors of o(q).
3, 5
Let o(n) = -7*n. Suppose 0 = -4*a + 6*a + 6. List the prime factors of o(a).
3, 7
Suppose 4*j - 12 = -0*j. List the prime factors of j.
3
Let z(l) = -9*l**2 - 1 + 11*l - l**3 - 19*l - 3. Let w be z(-8). What are the prime factors of (5 + w)*(-18)/(-2)?
3
Let f(p) be the second derivative of 3*p**5/20 - p**4/4 - p**3/6 + p**2 + 3*p. What are the prime factors of f(2)?
2, 3
Suppose 0 = -4*h - h. Let s be 3 - (1 - h)*1. Suppose t + 2*t + s*v = 13, -t + 4*v = -23. What are the prime factors of t?
7
Let o(n) = 18*n + 3. Let a be o(-2). Let k = a - -66. Suppose k - 121 = -4*b. List the prime factors of b.
2, 11
What are the prime factors of 10/1 + (12 - 12)?
2, 5
Suppose 23*b - 20*b - 117 = 0. List the prime factors of b.
3, 13
Let w(u) = u**3 - 5*u**2 + 3*u - 5. Let i be w(5). Let a be (-33)/(-2) - 5/i. What are the prime factors of 4/1*12/a?
3
Let f = 0 - -9. Let c = 10 - -5. Let b = c - f. What are the prime factors of b?
2, 3
Suppose 4*w = 12 + 4. Suppose -w*h + 21 = -h. Let d = h - 2. What are the prime factors of d?
5
Suppose h + 10 = -q + 4*h, 0 = -4*q + 4*h. Suppose 0 = q*s + 32 - 247. List the prime factors of s.
43
Let y(c) = 101*c**2 - c - 2. List the prime factors of y(-1).
2, 5
Let q = -1 - -1. Let x(p) = 5*p - 4*p - p - p + 11. What are the prime factors of x(q)?
11
Let n be (-54)/(-1) + 0 + 2. Suppose n = -f + 3*f. What are the prime factors of f?
2, 7
Let b(u) = 3*u + 5. Let o be b(4). Suppose -4*s = -5*s + o. Suppose 2*k - s = -5. List the prime factors of k.
2, 3
Let t be (-34)/4 - 3/6. Let c be (-105)/t - 2/(-6). Suppose c = 3*v - 12. List the prime factors of v.
2
Let o(y) = -y**2 - 6*y - 1. Let s be o(-5). Suppose 2*f + 2*g = -f + 58, -s*f + 4*g = -44. List the prime factors of f.
2
Suppose 0*o - 84 = -7*o. List the prime factors of o.
2, 3
Suppose -4*d - 3*l = -72, 2*l - 6 = -4*d + 70. What are the prime factors of d?
3, 7
Suppose 0 = 5*k + 3*z - 28, k - 4*z - 32 = -k. Suppose -2*r + 1 = 5*j, -r - j + k = -0*j. List the prime factors of r.
13
Let g = 6 - -10. What are the prime factors of g?
2
Let r = -3 + 6. Suppose 4*u = -n - 9, 5*u = r*n - 5*n - 6. What are the prime factors of n?
7
Let q = -7 + 12. Suppose -q*l + 4*l = 0. Suppose l = -4*y - 10 + 26. What are the prime factors of y?
2
Let y(d) = 0 + 4 - d + 3. Let r be y(7). Suppose 3 + r = p. List the prime factors of p.
3
Suppose 0 = -5*o - 3*p + 15, -5*o + 3*p = 2*p - 35. Suppose -v + z - 82 = -o*v, -4*v = 2*z - 68. What are the prime factors of v?
2
List the prime factors of (-1 - (-7)/((-21)/(-384)))/1.
127
Let m = 16 + -11. Suppose 0*x + m*x - 80 = 0. What are the prime factors of x?
2
List the prime factors of 34*-2*1*1/(-2).
2, 17
Let h(k) = -14*k + 9*k**2 + 2*k**3 - 3 - 9 - k**3. What are the prime factors of h(-10)?
2, 7
Let h be (0/(-3 - -1))/(-2). Suppose h*c - 13 = -c. What are the prime factors of c?
13
Suppose -3*n + 61 = -3*a - 107, n - 41 = -4*a. Let o = n + -30. List the prime factors of o.
23
Let q(c) = 2*c**2 + c + 1. What are the prime factors of q(-3)?
2
Let b(a) = -a - 1. Let j(n) = -n**2 + 7*n + 6. Let x(c) = -5*b(c) - j(c). Let p(l) = l - 3. Let d be p(6). What are the prime factors of x(d)?
2
Let y(v) = v - 3 + 4*v + 0*v - v. What are the prime factors of y(4)?
13
Suppose -m + j = -29, -3*m + 23 = -j - 56. List the prime factors of m.
5
Suppose 5*b + 2*g - 69 = 0, 2*b = -3*b + 3*g + 59. List the prime factors of b.
13
Let f = 23 + -77. Let r = 35 - f. What are the prime factors of 2/(-8) + r/4?
2, 11
Let j be (2 + (-10)/3)*-66. Suppose -4*k + j = 4*r, -3*k = -3*r + 14 + 22. List the prime factors of r.
17
Suppose -2*u - 2*u + 13 = 3*a, 0 = -3*u + 12. Let z be 12*(a - (-3)/2). List the prime factors of 4/z + 125/15.
3
Let l(j) = 5*j + 3. Let m be l(7). Let o = -9 + m. Suppose k - 2*k = 3*q - o, 0 = 4*k + 16. List the prime factors of q.
11
Let x(g) = -6*g**3 + 0*g**3 - g**3 + g**2. List the prime factors of x(-1).
2
Let a be (-25)/((-2)/2*1). Suppose 3*b + 21 = -3*n, 3*b = -b - 3*n - a. Let q = b - -10. List the prime factors of q.
2, 3
Suppose 2*w + 5*i - 74 = 126, -352 = -4*w + 2*i. List the prime factors of w.
2, 3, 5
Suppose -s - 3*s = 392. Let c = -38 - s. Suppose -2*f = 3*f - c. List the prime factors of f.
2, 3
Suppose -2*k + x = 2*x + 5, 9 = -4*k - 3*x. What are the prime factors of 1/(1/2) - k?
5
Let l(a) = a**3 + 12*a**2 - 5*a + 2. Let v be l(-7). Let o be (-4)/14 - v/(-7). Suppose 0 = 3*h - 2*m - o, 23 = 5*h + 5*m - 77. What are the prime factors of h?
2
Let b = 49 - 29. What are the prime factors of b?
2, 5
Let y = -2 + 4. List the prime factors of y.
2
Let j = 370 + -254. What are the prime factors of j?
2, 29
What are the prime factors of 34/3*(-63)/(-6)?
7, 17
Let s = -2 + 2. Suppose -18 + s = 2*p. Let h = 17 + p. List the prime factors of h.
2
Suppose 4*o = 3*d + 12, -12 = o + 3*d - 0*d. Let z(i) = -i + 13. List the prime factors of z(o).
13
List the prime factors of ((-21)/6 - -3)*-36.
2, 3
Suppose -2*h = s + 2 - 28, -56 = -3*s + 5*h. List the prime factors of s.
2, 11
Let g be (-2)/(-1 + (-93)/(-96)). Suppose -3*w - 2*f = -0*w - g, 3*f - 12 = -w. List the prime factors of w.
2, 3
Let k(s) = -s**3 + 7*s**2 - 7*s + 20. What are the prime factors of k(5)?
5, 7
Suppose 2*s - 7*s + 25 = 0. Suppose 5 = -i + 2*i. Suppose i*a - s = 35. What are the prime factors of a?
2
Let l = -343 - -540. List the prime factors of l.
197
Let l be 0/(3/1) - -4. Let d = 1 - l. List the prime factors of (-22)/(-3) + 1/d.
7
Suppose -5*o = -5*x, 4*o - 3 = 5*x - 5. Let l = 1 + x. What are the prime factors of 6/(-5)*(-10)/l?
2
Let h = 3 - -18. Suppose -h + 1 = -5*n. Suppose -24 - 40 = -n*f. What are the prime factors of f?
2
Let y = 59 + -34. What are the prime factors of y?
5
Let f be 15/35 + (-1632)/(-14). Suppose j = -2*j + f. What are the prime factors of j?
3, 13
Let o be (2 + -3)*0 - -3. Let y(j) = 3*j**2 - 4*j. List the prime factors of y(o).
3, 5
Let m = -7 + 11. Suppose -13 = 5*r - 33. Suppose y + 2 = 0, 2*y + 24 = r*u + m*y. List the prime factors of u.
7
Let c(r) = r**2 - 10*r - 5. Let f be c(6). Let u = f - -47. What are the prime factors of u?
2, 3
Suppose 5*v = -0 + 20. Let o(c) = -2 - c + v*c + 0*c. List the prime factors of o(3).
7
Let g = 2 - 8. Let q be (g/9)/(4/(-18)). Suppose 5*n + q*s = 52, 5*s = -2*n - n + 44. List the prime factors of n.
2
Suppose 4*p - 3 - 33 = 0. List the prime factors of p.
3
Let g = 83 + -37. Suppose r + g = 5*i, r = i - 0*r - 6. List the prime factors of 112/i + (-2)/10.
11
Let p(d) = d + 13. Let a be p(-10). Suppose 1 = x - a. What are the prime factors of x?
2
Let z be 30/7 + (-2)/7. Suppose 0*h - 8 = z*n - 4*h, -4*h + 32 = 4*n. Suppose 21 = n*a + p, 2*a - p - 14 + 5 = 0. What are the prime factors of a?
2, 3
Let k(z) be the first derivative of z**2/2 - 3*z - 2. What are the prime factors of k(10)?
7
Let w be 105/4 - 1/4. Let o = w + -15. List the prime factors of o.
11
Suppose -3*d = z - 134, -d + 221 = 4*d + 4*z. Let h be (-10)/d + (-349)/9. Let f = -25 - h. What are the prime factors of f?
2, 7
Let u(x) = x**3 + 19*x**2 + 17*x - 6. What are the prime factors of u(-18)?
2, 3
Suppose 5*c = 2*b + 12, -b + 7 = 5*c + 2*b. Suppose -y + 4*y - 2*q = 19, 5*y + c*q - 21 = 0. What are the prime factors of y?
5
Let l(i) = i**2 - 7*i + 1. Let d be l(6). Let g = 11 + d. What are the prime factors of g?
2, 3
Let j be (-2)/((4 - 1)/12). Let v = j + 38. Suppose 115 - v = 5*m - g, 0 = 2*m - 5*g - 57. What are the prime factors of m?
2
What 